{"id":861,"date":"2022-10-04T00:27:21","date_gmt":"2022-10-03T22:27:21","guid":{"rendered":"https:\/\/iwz2022.ue.wroc.pl\/?page_id=861"},"modified":"2022-11-21T06:35:40","modified_gmt":"2022-11-21T05:35:40","slug":"warsztaty","status":"publish","type":"page","link":"https:\/\/iwz2022.ue.wroc.pl\/?page_id=861","title":{"rendered":"Warsztaty"},"content":{"rendered":"\t\t<div data-elementor-type=\"wp-page\" data-elementor-id=\"861\" class=\"elementor elementor-861\" data-elementor-settings=\"[]\">\n\t\t\t\t\t\t\t<div class=\"elementor-section-wrap\">\n\t\t\t\t\t\t\t<section class=\"elementor-section elementor-top-section elementor-element elementor-element-acec28e elementor-section-full_width elementor-section-height-min-height elementor-section-height-default elementor-section-items-middle\" data-id=\"acec28e\" data-element_type=\"section\" data-settings=\"{&quot;background_background&quot;:&quot;gradient&quot;,&quot;shape_divider_top&quot;:&quot;book&quot;,&quot;shape_divider_top_negative&quot;:&quot;yes&quot;}\">\n\t\t\t\t\t<div class=\"elementor-shape elementor-shape-top\" data-negative=\"true\">\n\t\t\t<svg xmlns=\"http:\/\/www.w3.org\/2000\/svg\" viewBox=\"0 0 1000 100\" preserveAspectRatio=\"none\">\n\t<path class=\"elementor-shape-fill\" d=\"M806,94.7C619.5,90,500,20.3,500,1.7c-1,18.6-117.5,88.3-306,93C92,97.2,0,97.9,0,97.9v-0l0,0v2.3h1000v-2.3 C1000,97.7,920.3,97.6,806,94.7z M350,65.1L350,65.1L350,65.1L350,65.1z\"\/>\n<\/svg>\n\t\t<\/div>\n\t\t\t\t\t<div class=\"elementor-container elementor-column-gap-default\">\n\t\t\t\t\t<div class=\"elementor-column elementor-col-100 elementor-top-column elementor-element elementor-element-3ab29e21\" data-id=\"3ab29e21\" data-element_type=\"column\">\n\t\t\t<div class=\"elementor-widget-wrap elementor-element-populated\">\n\t\t\t\t\t\t\t\t<div class=\"elementor-element elementor-element-a8af73b elementor-invisible elementor-widget elementor-widget-text-editor\" data-id=\"a8af73b\" data-element_type=\"widget\" data-settings=\"{&quot;_animation&quot;:&quot;fadeIn&quot;}\" data-widget_type=\"text-editor.default\">\n\t\t\t\t<div class=\"elementor-widget-container\">\n\t\t\t<style>\/*! elementor - v3.5.6 - 28-02-2022 *\/\n.elementor-widget-text-editor.elementor-drop-cap-view-stacked .elementor-drop-cap{background-color:#818a91;color:#fff}.elementor-widget-text-editor.elementor-drop-cap-view-framed .elementor-drop-cap{color:#818a91;border:3px solid;background-color:transparent}.elementor-widget-text-editor:not(.elementor-drop-cap-view-default) .elementor-drop-cap{margin-top:8px}.elementor-widget-text-editor:not(.elementor-drop-cap-view-default) .elementor-drop-cap-letter{width:1em;height:1em}.elementor-widget-text-editor .elementor-drop-cap{float:left;text-align:center;line-height:1;font-size:50px}.elementor-widget-text-editor .elementor-drop-cap-letter{display:inline-block}<\/style>\t\t\t\t<h1>Warsztaty<strong> naukowe Innowacyjne technologie ICT we wspomaganiu zarz\u0105dzania, ekonomii i finans\u00f3w\u00a0<\/strong><\/h1><p><span data-ccp-props=\"{\">\u00a0<\/span><i><span data-contrast=\"auto\">Celem warsztat\u00f3w jest prezentacja najnowszych podej\u015b\u0107, koncepcji, metodologii, technik i narz\u0119dzi zwi\u0105zanych z wk\u0142adem ICT w\u00a0 rozw\u00f3j zarz\u0105dzania, ekonomii i finans\u00f3w. Interdyscyplinarne warsztaty umo\u017cliwi\u0105 dyskusj\u0119 nad\u00a0 najnowszymi badaniami zwi\u0105zanych z nowoczesnymi technologiami informacyjnymi\u00a0 wspieraj\u0105cymi procesy w zarz\u0105dzaniu, ekonomii i finansach, koncentruj\u0105c si\u0119 na sztucznej inteligencji, kolektywnym przetwarzaniu wiedzy i technologii blockchain<\/span><\/i><span data-ccp-props=\"{\">\u00a0<\/span><\/p><p><strong>\u00a0<i>Termin 30 listopada 2022\u00a0<\/i><\/strong><span data-ccp-props=\"{\">\u00a0<\/span><\/p><p style=\"text-align: left;\"><strong>Ramowy program warsztat\u00f3w:\u00a0<\/strong><\/p><ul><li class=\"x_MsoNormal\" style=\"text-align: left;\">12.00-13.30 Wyk\u0142ad \u201eMetodologia pisania prac doktorskich z zakresu informatyki w zarz\u0105dzaniu, ekonomii i finansach\u201d<ul><li>wyk\u0142ad poprowadz\u0105:<ul><li><strong>prof. dr hab. Ewa Ziemba, Uniwersytet Ekonomiczny w Katowicach<\/strong><ul><li>Ewa Ziemba jest profesorem nauk ekonomicznych. Prace naukowo-badawcze koncentruje wok\u00f3\u0142 wykorzystania technologii i system\u00f3w informatycznych na potrzeby doskonalenia biznesu, administracji publicznej i zr\u00f3wnowa\u017conego rozwoju. Jest jednym z lider\u00f3w w rozwijaniu wielowymiarowego podej\u015bcia do zr\u00f3wnowa\u017conego spo\u0142ecze\u0144stwa informacyjnego. Profesor Ewa Ziemba opublikowa\u0142a ponad 200 artyku\u0142\u00f3w naukowych i 3 monografie, jest redaktorem 20 tom\u00f3w naukowych. By\u0142a koordynatorem i g\u0142\u00f3wnym wykonawc\u0105 w ponad 30 presti\u017cowych polskich i mi\u0119dzynarodowych projektach badawczych. Jest ekspertem Narodowego Centrum Bada\u0144 i Rozwoju, Academy of Finland, Malta\u0144skiej Rady ds. Nauki i Technologii oraz Funduszu Naukowego Republiki Serbii. Profesor Ewa Ziemba wiele razy by\u0142a zapraszana do prowadzenia warsztat\u00f3w metodologicznych i wyg\u0142aszania wyk\u0142ad\u00f3w go\u015bcinnych. Wsp\u00f3\u0142pracuje z redakcjami czasopism mi\u0119dzynarodowych, jest redaktorem naczelnym Journal of Economics and Management.<\/li><li>Profesor Ewa Ziemba otrzyma\u0142a liczne nagrody za wybitne osi\u0105gni\u0119cia i prace naukowe, rozw\u00f3j m\u0142odej kadry akademickiej oraz prac\u0119 na rzecz \u015brodowiska naukowego. Otrzyma\u0142a Nagrod\u0119 Ministra Nauki i Szkolnictwa Wy\u017cszego za znaczne osi\u0105gni\u0119cie naukowe. W 2021 roku zosta\u0142a wybrana na cz\u0142onka zwyczajnego European Academy of Sciences and Arts w Salzburgu.<\/li><\/ul><\/li><li><strong>dr hab. in\u017c. Jaros\u0142aw W\u0105tr\u00f3bski, prof. US, Uniwersytet Szczeci\u0144ski<\/strong><\/li><\/ul><\/li><\/ul><\/li><li class=\"x_MsoNormal\" style=\"text-align: left;\">14.00-16.00\u00a0 Sesja\u00a0 \u201eProblemy badawcze podejmowane przez m\u0142odych adept\u00f3w nauki\u201d<\/li><li class=\"x_MsoNormal\" style=\"text-align: left;\">16.30-18.00 Panel\u00a0 \u201eWsp\u00f3\u0142praca nauka-biznes\u201d<\/li><li class=\"x_MsoNormal\" style=\"text-align: left;\">19.00 Welcome reception<\/li><\/ul><div style=\"box-sizing: border-box; font-family: -apple-system, BlinkMacSystemFont, 'Segoe UI', system-ui, 'Apple Color Emoji', 'Segoe UI Emoji', 'Segoe UI Web', sans-serif; font-size: 14px; font-style: normal; font-variant-ligatures: normal; font-variant-caps: normal; font-weight: 400; letter-spacing: normal; orphans: 2; text-align: start; text-indent: 0px; text-transform: none; white-space: normal; widows: 2; word-spacing: 0px;\"><strong>Udzia\u0142 w warsztatach wszystkich uczestnik\u00f3w jest bezp\u0142atny.<\/strong><\/div><p>\u00a0<\/p><p style=\"text-align: center;\"><span style=\"color: #ff0000;\"><span class=\"TextRun SCXW213873127 BCX9\" lang=\"PL-PL\" xml:lang=\"PL-PL\" data-contrast=\"none\"><span class=\"NormalTextRun SCXW213873127 BCX9\">Projekt finansowany w ramach programu Ministra Nauki i Szkolnictwa Wy\u017cszego pod nazw\u0105 \u201eRegionalna Inicjatywa Doskona\u0142o\u015bci\u201d w latach 2019 &#8211; 2022 <\/span><\/span><\/span><\/p><p style=\"text-align: center;\"><span style=\"color: #ff0000;\"><span class=\"TextRun SCXW213873127 BCX9\" lang=\"PL-PL\" xml:lang=\"PL-PL\" data-contrast=\"none\"><span class=\"NormalTextRun SCXW213873127 BCX9\">nr projektu 015\/RID\/2018\/19 kwota finansowania 10\u00a0721 040,00 PLN<\/span><\/span><span class=\"TextRun SCXW213873127 BCX9\" lang=\"PL-PL\" xml:lang=\"PL-PL\" data-contrast=\"none\"><span class=\"NormalTextRun SCXW213873127 BCX9\">\u201d<\/span><\/span><span class=\"EOP SCXW213873127 BCX9\" data-ccp-props=\"{\">\u00a0<\/span><\/span><\/p>\t\t\t\t\t\t<\/div>\n\t\t\t\t<\/div>\n\t\t\t\t\t<\/div>\n\t\t<\/div>\n\t\t\t\t\t\t\t<\/div>\n\t\t<\/section>\n\t\t\t\t\t\t<\/div>\n\t\t\t\t\t<\/div>\n\t\t","protected":false},"excerpt":{"rendered":"<p>Warsztaty naukowe Innowacyjne technologie ICT we wspomaganiu zarz\u0105dzania, ekonomii i finans\u00f3w\u00a0 \u00a0Celem warsztat\u00f3w jest prezentacja najnowszych podej\u015b\u0107, koncepcji, metodologii, technik i narz\u0119dzi zwi\u0105zanych z wk\u0142adem ICT w\u00a0 rozw\u00f3j zarz\u0105dzania, ekonomii i finans\u00f3w. Interdyscyplinarne warsztaty umo\u017cliwi\u0105 dyskusj\u0119 nad\u00a0 najnowszymi badaniami zwi\u0105zanych z nowoczesnymi technologiami informacyjnymi\u00a0 wspieraj\u0105cymi procesy w zarz\u0105dzaniu, ekonomii i finansach, koncentruj\u0105c si\u0119 na sztucznej [&hellip;]<\/p>\n","protected":false},"author":3,"featured_media":0,"parent":0,"menu_order":0,"comment_status":"closed","ping_status":"closed","template":"","meta":{"footnotes":""},"class_list":["post-861","page","type-page","status-publish","hentry","entry"],"_links":{"self":[{"href":"https:\/\/iwz2022.ue.wroc.pl\/index.php?rest_route=\/wp\/v2\/pages\/861","targetHints":{"allow":["GET"]}}],"collection":[{"href":"https:\/\/iwz2022.ue.wroc.pl\/index.php?rest_route=\/wp\/v2\/pages"}],"about":[{"href":"https:\/\/iwz2022.ue.wroc.pl\/index.php?rest_route=\/wp\/v2\/types\/page"}],"author":[{"embeddable":true,"href":"https:\/\/iwz2022.ue.wroc.pl\/index.php?rest_route=\/wp\/v2\/users\/3"}],"replies":[{"embeddable":true,"href":"https:\/\/iwz2022.ue.wroc.pl\/index.php?rest_route=%2Fwp%2Fv2%2Fcomments&post=861"}],"version-history":[{"count":49,"href":"https:\/\/iwz2022.ue.wroc.pl\/index.php?rest_route=\/wp\/v2\/pages\/861\/revisions"}],"predecessor-version":[{"id":1521,"href":"https:\/\/iwz2022.ue.wroc.pl\/index.php?rest_route=\/wp\/v2\/pages\/861\/revisions\/1521"}],"wp:attachment":[{"href":"https:\/\/iwz2022.ue.wroc.pl\/index.php?rest_route=%2Fwp%2Fv2%2Fmedia&parent=861"}],"curies":[{"name":"wp","href":"https:\/\/api.w.org\/{rel}","templated":true}]}}