{"id":28,"date":"2022-03-17T09:29:21","date_gmt":"2022-03-17T08:29:21","guid":{"rendered":"https:\/\/iwz2022.ue.wroc.pl\/?page_id=28"},"modified":"2022-11-07T19:02:04","modified_gmt":"2022-11-07T18:02:04","slug":"publikacje","status":"publish","type":"page","link":"https:\/\/iwz2022.ue.wroc.pl\/?page_id=28","title":{"rendered":"Publikacje"},"content":{"rendered":"\t\t<div data-elementor-type=\"wp-page\" data-elementor-id=\"28\" class=\"elementor elementor-28\" data-elementor-settings=\"[]\">\n\t\t\t\t\t\t\t<div class=\"elementor-section-wrap\">\n\t\t\t\t\t\t\t<section class=\"elementor-section elementor-top-section elementor-element elementor-element-36a9156a elementor-section-full_width elementor-section-height-min-height elementor-section-content-top elementor-section-height-default elementor-section-items-middle\" data-id=\"36a9156a\" data-element_type=\"section\" data-settings=\"{&quot;background_background&quot;:&quot;gradient&quot;,&quot;shape_divider_top&quot;:&quot;book&quot;,&quot;shape_divider_top_negative&quot;:&quot;yes&quot;}\">\n\t\t\t\t\t<div class=\"elementor-shape elementor-shape-top\" data-negative=\"true\">\n\t\t\t<svg xmlns=\"http:\/\/www.w3.org\/2000\/svg\" viewBox=\"0 0 1000 100\" preserveAspectRatio=\"none\">\n\t<path class=\"elementor-shape-fill\" d=\"M806,94.7C619.5,90,500,20.3,500,1.7c-1,18.6-117.5,88.3-306,93C92,97.2,0,97.9,0,97.9v-0l0,0v2.3h1000v-2.3 C1000,97.7,920.3,97.6,806,94.7z M350,65.1L350,65.1L350,65.1L350,65.1z\"\/>\n<\/svg>\n\t\t<\/div>\n\t\t\t\t\t<div class=\"elementor-container elementor-column-gap-default\">\n\t\t\t\t\t<div class=\"elementor-column elementor-col-100 elementor-top-column elementor-element elementor-element-45a5880f\" data-id=\"45a5880f\" data-element_type=\"column\">\n\t\t\t<div class=\"elementor-widget-wrap elementor-element-populated\">\n\t\t\t\t\t\t\t\t<div class=\"elementor-element elementor-element-3d8e28f elementor-invisible elementor-widget elementor-widget-text-editor\" data-id=\"3d8e28f\" data-element_type=\"widget\" data-settings=\"{&quot;_animation&quot;:&quot;fadeIn&quot;}\" data-widget_type=\"text-editor.default\">\n\t\t\t\t<div class=\"elementor-widget-container\">\n\t\t\t<style>\/*! elementor - v3.5.6 - 28-02-2022 *\/\n.elementor-widget-text-editor.elementor-drop-cap-view-stacked .elementor-drop-cap{background-color:#818a91;color:#fff}.elementor-widget-text-editor.elementor-drop-cap-view-framed .elementor-drop-cap{color:#818a91;border:3px solid;background-color:transparent}.elementor-widget-text-editor:not(.elementor-drop-cap-view-default) .elementor-drop-cap{margin-top:8px}.elementor-widget-text-editor:not(.elementor-drop-cap-view-default) .elementor-drop-cap-letter{width:1em;height:1em}.elementor-widget-text-editor .elementor-drop-cap{float:left;text-align:center;line-height:1;font-size:50px}.elementor-widget-text-editor .elementor-drop-cap-letter{display:inline-block}<\/style>\t\t\t\t<h1>Publikacje<\/h1><p>Na konferencji mog\u0105 by\u0107 zaprezentowane artyku\u0142y, kt\u00f3re\u00a0zostan\u0105 przes\u0142ane:<\/p><ul><li>na adres konferencji do opublikowania w monografii dedykowanej konferencji pt.\u00a0 &#8222;Informatyka w Zarz\u0105dzaniu&#8221;\u00a0 wydanej w Wydawnictwie Uniwersytetu Ekonomicznego we Wroc\u0142awiu, 2023 (Lista MEiN: 20 pkt.) &#8211; zak\u0142adce: Do pobrania znajduje si\u0119 link lub\u00a0 <span style=\"color: #0000ff;\"><a style=\"color: #0000ff;\" href=\"https:\/\/iwz2022.ue.wroc.pl\/wp-content\/uploads\/2022\/11\/IwZ_2022-Szablon-do-monografii.docx\">link bezpo\u015bredni do pliku z szablonem<\/a><\/span>.<\/li><li>na adres konferencji do opublikowania w monografii dedykowanej konferencji IwZ wydanej w wydawnictwie Springer, 2023 (Lista MEiN: 20 pkt.) &#8211; zak\u0142adce: Do pobrania znajduje si\u0119 link lub <span style=\"color: #0000ff;\"><a style=\"color: #0000ff;\" href=\"https:\/\/www.springer.com\/gp\/computer-science\/lncs\/conference-proceedings-guidelines\">link bezpo\u015bredni do szablonu wydawnictwa Springer<\/a><\/span>.<\/li><\/ul><p>lub<\/p><ul><li>zostan\u0105 zg\u0142oszone w nast\u0119puj\u0105cych czasopismach, monografiach:<\/li><\/ul><p>w czasopismach:<\/p><ul><li style=\"list-style-type: none;\"><ul><li>Polish Journal of Management Studies, PJMS (Lista MEiN: 70 pkt.) &#8211; op\u0142ata zgodnie z wymaganiami czasopisma bezpo\u015brednio w wydawnictwie;<\/li><li>Journal of Economics and Management, JEM (Lista MEiN: 40 pkt.);<\/li><li>Prace Naukowe Uniwersytetu Ekonomicznego we Wroc\u0142awiu Lista (Lista MEiN: 40 pkt.) &#8211; bez op\u0142at w przypadku wsp\u00f3\u0142autora z zagraniczn\u0105 afiliacj\u0105 lub op\u0142ata\u00a0zgodnie z wymaganiami czasopisma bezpo\u015brednio w wydawnictwie;<\/li><li>Informatyka Ekonomiczna\/Business Informatics, IE\/BI (Lista MEiN: 20 pkt.) &#8211; bez op\u0142at w przypadku wsp\u00f3\u0142autora z zagraniczn\u0105 afiliacj\u0105 lub op\u0142ata zgodnie z wymaganiami czasopisma bezpo\u015brednio w wydawnictwie;<\/li><li>International Journal of Management and Enterprise Development, IJMED (Lista MEiN: 20 pkt.);<\/li><li>International Journal of Value Chain Management, IJVCM (Lista MEiN: 20 pkt.).<\/li><\/ul><\/li><\/ul><p>w monografiach:<\/p><ul><li>Adoption of Emerging Information and Communication Technology for Sustainability, red. Ewa Ziemba &amp; Jaros\u0142aw Watr\u00f3bski, CRC Press Taylor &amp; Francise Group, 2023 (Lista MEiN: 75 pkt.) &#8211; <span style=\"color: #000000;\"><a style=\"color: #000000;\" href=\"https:\/\/iwz2022.ue.wroc.pl\/wp-content\/uploads\/2022\/05\/Flyer-ICT4SUS-at-1.pdf\"><em>do 2022\/06\/30 nale\u017cy przes\u0142a\u0107 tytu\u0142 oraz abstrakt;<\/em><\/a><\/span><\/li><li>Analytics in Finance and Risk Management, red. Nguyen Thi Hong Nga, Shivani Agarwal, &amp; Ewa Ziemba, CRC Press Taylor &amp; Francise Group, 2023 (Lista MEiN: 75 pkt.) &#8211; <span style=\"color: #000000;\"><a style=\"color: #000000;\" href=\"https:\/\/iwz2022.ue.wroc.pl\/wp-content\/uploads\/2022\/05\/Flyer-AinFRM.pdf\"><em>do 2022\/07\/30 nale\u017cy przes\u0142a\u0107 tytu\u0142 oraz abstrakt;<\/em><\/a><\/span><\/li><\/ul><p><strong>Przes\u0142anie artyku\u0142u do wybranego czasopisma<\/strong> odbywa si\u0119, korzystaj\u0105c bezpo\u015brednio z jego systemu rejestracji w procedurze publikacyjnej (procedura recenzyjna i wydawnicza odbywa si\u0119 poza konferencj\u0105 IwZ\u20192022), natomiast uczestnik konferencji informuje o tym w formularzu zg\u0142oszeniowym.<\/p><p><strong>Przes\u0142anie rozdzia\u0142u do wybranej monografii<\/strong> (za wyj\u0105tkiem wydawanej z konferencji IwZ&#8217;2022) odbywa si\u0119 bezpo\u015brednio do jej redaktor\u00f3w (procedura recenzyjna i wydawnicza odbywa si\u0119 poza konferencj\u0105 IwZ\u20192022), natomiast uczestnik konferencji informuje o tym w formularzu zg\u0142oszeniowym.<\/p>\t\t\t\t\t\t<\/div>\n\t\t\t\t<\/div>\n\t\t\t\t\t<\/div>\n\t\t<\/div>\n\t\t\t\t\t\t\t<\/div>\n\t\t<\/section>\n\t\t\t\t\t\t<\/div>\n\t\t\t\t\t<\/div>\n\t\t","protected":false},"excerpt":{"rendered":"<p>Publikacje Na konferencji mog\u0105 by\u0107 zaprezentowane artyku\u0142y, kt\u00f3re\u00a0zostan\u0105 przes\u0142ane: na adres konferencji do opublikowania w monografii dedykowanej konferencji pt.\u00a0 &#8222;Informatyka w Zarz\u0105dzaniu&#8221;\u00a0 wydanej w Wydawnictwie Uniwersytetu Ekonomicznego we Wroc\u0142awiu, 2023 (Lista MEiN: 20 pkt.) &#8211; zak\u0142adce: Do pobrania znajduje si\u0119 link lub\u00a0 link bezpo\u015bredni do pliku z szablonem. na adres konferencji do opublikowania w monografii [&hellip;]<\/p>\n","protected":false},"author":3,"featured_media":0,"parent":0,"menu_order":0,"comment_status":"closed","ping_status":"closed","template":"","meta":{"footnotes":""},"class_list":["post-28","page","type-page","status-publish","hentry","entry"],"_links":{"self":[{"href":"https:\/\/iwz2022.ue.wroc.pl\/index.php?rest_route=\/wp\/v2\/pages\/28","targetHints":{"allow":["GET"]}}],"collection":[{"href":"https:\/\/iwz2022.ue.wroc.pl\/index.php?rest_route=\/wp\/v2\/pages"}],"about":[{"href":"https:\/\/iwz2022.ue.wroc.pl\/index.php?rest_route=\/wp\/v2\/types\/page"}],"author":[{"embeddable":true,"href":"https:\/\/iwz2022.ue.wroc.pl\/index.php?rest_route=\/wp\/v2\/users\/3"}],"replies":[{"embeddable":true,"href":"https:\/\/iwz2022.ue.wroc.pl\/index.php?rest_route=%2Fwp%2Fv2%2Fcomments&post=28"}],"version-history":[{"count":116,"href":"https:\/\/iwz2022.ue.wroc.pl\/index.php?rest_route=\/wp\/v2\/pages\/28\/revisions"}],"predecessor-version":[{"id":1380,"href":"https:\/\/iwz2022.ue.wroc.pl\/index.php?rest_route=\/wp\/v2\/pages\/28\/revisions\/1380"}],"wp:attachment":[{"href":"https:\/\/iwz2022.ue.wroc.pl\/index.php?rest_route=%2Fwp%2Fv2%2Fmedia&parent=28"}],"curies":[{"name":"wp","href":"https:\/\/api.w.org\/{rel}","templated":true}]}}