{"id":20,"date":"2022-03-17T09:18:34","date_gmt":"2022-03-17T08:18:34","guid":{"rendered":"https:\/\/iwz2022.ue.wroc.pl\/?page_id=20"},"modified":"2022-10-03T20:09:05","modified_gmt":"2022-10-03T18:09:05","slug":"zakres-tematyczny","status":"publish","type":"page","link":"https:\/\/iwz2022.ue.wroc.pl\/?page_id=20","title":{"rendered":"Zakres tematyczny"},"content":{"rendered":"\t\t<div data-elementor-type=\"wp-page\" data-elementor-id=\"20\" class=\"elementor elementor-20\" data-elementor-settings=\"[]\">\n\t\t\t\t\t\t\t<div class=\"elementor-section-wrap\">\n\t\t\t\t\t\t\t<section class=\"elementor-section elementor-top-section elementor-element elementor-element-436f03cc elementor-section-full_width elementor-section-height-min-height elementor-section-height-default elementor-section-items-middle\" data-id=\"436f03cc\" data-element_type=\"section\" data-settings=\"{&quot;background_background&quot;:&quot;gradient&quot;,&quot;shape_divider_top&quot;:&quot;book&quot;,&quot;shape_divider_top_negative&quot;:&quot;yes&quot;}\">\n\t\t\t\t\t<div class=\"elementor-shape elementor-shape-top\" data-negative=\"true\">\n\t\t\t<svg xmlns=\"http:\/\/www.w3.org\/2000\/svg\" viewBox=\"0 0 1000 100\" preserveAspectRatio=\"none\">\n\t<path class=\"elementor-shape-fill\" d=\"M806,94.7C619.5,90,500,20.3,500,1.7c-1,18.6-117.5,88.3-306,93C92,97.2,0,97.9,0,97.9v-0l0,0v2.3h1000v-2.3 C1000,97.7,920.3,97.6,806,94.7z M350,65.1L350,65.1L350,65.1L350,65.1z\"\/>\n<\/svg>\n\t\t<\/div>\n\t\t\t\t\t<div class=\"elementor-container elementor-column-gap-default\">\n\t\t\t\t\t<div class=\"elementor-column elementor-col-100 elementor-top-column elementor-element elementor-element-314ce135\" data-id=\"314ce135\" data-element_type=\"column\">\n\t\t\t<div class=\"elementor-widget-wrap elementor-element-populated\">\n\t\t\t\t\t\t\t\t<div class=\"elementor-element elementor-element-104427c2 elementor-invisible elementor-widget elementor-widget-text-editor\" data-id=\"104427c2\" data-element_type=\"widget\" data-settings=\"{&quot;_animation&quot;:&quot;fadeIn&quot;}\" data-widget_type=\"text-editor.default\">\n\t\t\t\t<div class=\"elementor-widget-container\">\n\t\t\t<style>\/*! elementor - v3.5.6 - 28-02-2022 *\/\n.elementor-widget-text-editor.elementor-drop-cap-view-stacked .elementor-drop-cap{background-color:#818a91;color:#fff}.elementor-widget-text-editor.elementor-drop-cap-view-framed .elementor-drop-cap{color:#818a91;border:3px solid;background-color:transparent}.elementor-widget-text-editor:not(.elementor-drop-cap-view-default) .elementor-drop-cap{margin-top:8px}.elementor-widget-text-editor:not(.elementor-drop-cap-view-default) .elementor-drop-cap-letter{width:1em;height:1em}.elementor-widget-text-editor .elementor-drop-cap{float:left;text-align:center;line-height:1;font-size:50px}.elementor-widget-text-editor .elementor-drop-cap-letter{display:inline-block}<\/style>\t\t\t\t<h1>Zakres tematyczny<\/h1><p style=\"text-align: center;\">Jednym z wa\u017cniejszych paradygmat\u00f3w wyznaczaj\u0105cych trajektori\u0119 transformacji w organizacjach biznesowych i publicznych sta\u0142 si\u0119 paradygmat informacyjno-technologiczny kreowany przez decentralizacj\u0119, wysokie technologie, informacj\u0119 i sieciowo\u015b\u0107, wskazuj\u0105cy jednocze\u015bnie na konieczno\u015b\u0107 absorpcji w organizacjach nowych zasad biznesowych i metod zarz\u0105dzania wspieranych systemami i technologiami informacyjnymi. Nasycenie wsp\u00f3\u0142czesnych system\u00f3w zarz\u0105dzania informatyk\u0105 oraz sta\u0142y rozw\u00f3j system\u00f3w i technologii informacyjnych powoduj\u0105, i\u017c organizacje stale staj\u0105 przed wyzwaniem integracji informatyki i zarz\u0105dzania. Tematyka konferencji IwZ\u20192022 (podobnie jak poprzednie edycje) wychodzi naprzeciw tym wyzwaniom i koncentruje si\u0119 na przeobra\u017ceniach technologicznych, organizacyjnych i zarz\u0105dczych w organizacjach oraz synergii mi\u0119dzy nimi.<\/p><p><strong>Zakres tematyczny IwZ\u20192022 obejmuje nast\u0119puj\u0105ce zagadnienia:<\/strong><\/p><ol><li><strong>In\u017cynieria system\u00f3w informatycznych w organizacjach<\/strong><\/li><\/ol><ul><li>Architektury rozproszonych zasob\u00f3w (Edge Computing, Fog Computing, Mobile Cloud)<\/li><li>Architektura us\u0142ugowa<\/li><li>Integracje aplikacji i us\u0142ug<\/li><li>Komunikacja Human-Computer<\/li><li>Narz\u0119dzia i technologie projektowania oraz budowy system\u00f3w informatycznych zarz\u0105dzania<\/li><li>Technologie chmury obliczeniowej<\/li><li>Technologie baz i hurtowni danych<\/li><li>Technologie Big Data<\/li><li>Technologia blockchain i kryptowaluty<\/li><li>Techniki neuronauki poznawczej<\/li><\/ul><ol start=\"2\"><li><strong>Metody wspomagania decyzji i neuronauki poznawczej<\/strong><\/li><\/ol><ul><li>Rozwijanie i stosowanie metod wspomagania procesu podejmowania decyzji, w tym metod analizy wielokryterialnej, metod wielowymiarowej analizy por\u00f3wnawczej oraz metod symulacji komputerowej (ci\u0105g\u0142ej, dyskretnej oraz wieloagentowej)<\/li><li>Modelowanie i symulacja proces\u00f3w biznesowych na potrzeby wspomagania decyzji w zakresie reorganizacji<\/li><li>Przetwarzanie i analiza du\u017cych zbior\u00f3w danych (Big Data)<\/li><li>Rozwijanie i stosowanie system\u00f3w virtual reality oraz augmented reality w badaniu preferencji zachowa\u0144 konsument\u00f3w<\/li><li>Rozwijanie narz\u0119dzi, technik, metod badawczych w zakresie neuronauki poznawczej<\/li><\/ul><ol start=\"3\"><li><strong>Systemy informatyczne w transformacji organizacji biznesowych i publicznych<\/strong><\/li><\/ol><ul><li>Modelowanie, symulacja i cyfryzacja proces\u00f3w biznesowych<\/li><li>Metody wspomagania procesu podejmowania decyzji<\/li><li>E-biznes, e-government, e-bankowo\u015b\u0107, e-gospodarka<\/li><li>Systemy informatyczne zarz\u0105dzania (ERP, CRM, SCM itd.)<\/li><li>Systemy informatyczne w raportowaniu zintegrowanym<\/li><li>Cyfryzacja raportowania finansowego i zarz\u0105dczego<\/li><li>Automatyzacja sprawozdawczo\u015bci jednostkowej i skonsolidowanej<\/li><li>Technologie finansowe FinTech<\/li><li>Modele biznesu sektora IT<\/li><li>Systemy wspomagania decyzji<\/li><li>Systemy analityczne<\/li><li>Systemy sztucznej inteligencji<\/li><li>Zarz\u0105dzanie wiedz\u0105 wspomagane IT<\/li><li>Systemy informacji geograficznej<\/li><li>Przemys\u0142 4.0<\/li><li>Wirtualne \u015bwiaty i rzeczywisto\u015b\u0107 rozszerzona<\/li><li>Internet rzeczy \/ Internet wszystkiego<\/li><li>Media spo\u0142eczno\u015bciowe<\/li><li>Grywalizacja<\/li><li>Jako\u015b\u0107 system\u00f3w informatycznych zarz\u0105dzania<\/li><li>Spo\u0142eczne, kulturowe i etyczne implikacje wdro\u017ce\u0144 IT<\/li><li>Adaptacja IT na potrzeby rozwoju gospodarczego<\/li><\/ul><ol start=\"4\"><li><strong>Systemy informatyczne w transformacji spo\u0142ecze\u0144stwa<\/strong><\/li><\/ol><ul><li>Systemy informatyczne w ochronie zdrowia<\/li><li>Systemy informatyczne w turystyce i rekreacji<\/li><li>Systemy informatyczne w kulturze i sztuce<\/li><li>E-learning<\/li><li>Technologie ubieralne \u201ewearables\u201d<\/li><li>Spo\u0142eczno\u015bci wirtualne<\/li><li>Ekonomia wsp\u00f3\u0142pracy<\/li><li>Inteligentne miasta<\/li><li>Seniorzy i dzieci w \u015bwiecie nowych medi\u00f3w<\/li><li>Kompetencje cyfrowe<\/li><li>Zr\u00f3wnowa\u017cone spo\u0142ecze\u0144stwo informacyjne<\/li><li>Adaptacja IT na potrzeby zr\u00f3wnowa\u017conego rozwoju<\/li><\/ul><ol start=\"5\"><li><strong>\u0141ad organizacyjny w zarz\u0105dzaniu IT<\/strong><\/li><\/ol><ul><li>Architektura korporacyjna<\/li><li>Audyt IT<\/li><li>Bezpiecze\u0144stwo IT<\/li><li>Dopasowanie biznes-IT<\/li><li>Strategie IT<\/li><li>Zarz\u0105dzanie us\u0142ugami IT<\/li><li>Zarz\u0105dzanie projektami IT<\/li><\/ul><ol start=\"6\"><li><strong>Zarz\u0105dzanie zasobami<\/strong><\/li><\/ol><ul><li>Metody wspomagania podejmowania decyzji w zakresie zarz\u0105dzania zasobami<\/li><li>Pozyskiwanie danych do cel\u00f3w decyzyjnych dotycz\u0105cych zarz\u0105dzania zasobami<\/li><li>Ekologiczne i spo\u0142eczne aspekty podejmowania decyzji w zarz\u0105dzaniu zasobami<\/li><\/ul><p style=\"text-align: center;\">Zaproponowany powy\u017cej zakres tematyczny nale\u017cy traktowa\u0107 jako propozycj\u0119 temat\u00f3w jakich dotyczy\u0107 b\u0119dzie problematyka konferencji. Organizatorzy oczekuj\u0105 tak\u017ce\u00a0 zg\u0142osze\u0144 opracowa\u0144 naukowych dotycz\u0105cych innych problem\u00f3w zastosowania informatyki w zarz\u0105dzaniu.<\/p>\t\t\t\t\t\t<\/div>\n\t\t\t\t<\/div>\n\t\t\t\t\t<\/div>\n\t\t<\/div>\n\t\t\t\t\t\t\t<\/div>\n\t\t<\/section>\n\t\t\t\t\t\t<\/div>\n\t\t\t\t\t<\/div>\n\t\t","protected":false},"excerpt":{"rendered":"<p>Zakres tematyczny Jednym z wa\u017cniejszych paradygmat\u00f3w wyznaczaj\u0105cych trajektori\u0119 transformacji w organizacjach biznesowych i publicznych sta\u0142 si\u0119 paradygmat informacyjno-technologiczny kreowany przez decentralizacj\u0119, wysokie technologie, informacj\u0119 i sieciowo\u015b\u0107, wskazuj\u0105cy jednocze\u015bnie na konieczno\u015b\u0107 absorpcji w organizacjach nowych zasad biznesowych i metod zarz\u0105dzania wspieranych systemami i technologiami informacyjnymi. Nasycenie wsp\u00f3\u0142czesnych system\u00f3w zarz\u0105dzania informatyk\u0105 oraz sta\u0142y rozw\u00f3j system\u00f3w i technologii [&hellip;]<\/p>\n","protected":false},"author":3,"featured_media":0,"parent":0,"menu_order":0,"comment_status":"closed","ping_status":"closed","template":"","meta":{"footnotes":""},"class_list":["post-20","page","type-page","status-publish","hentry","entry"],"_links":{"self":[{"href":"https:\/\/iwz2022.ue.wroc.pl\/index.php?rest_route=\/wp\/v2\/pages\/20","targetHints":{"allow":["GET"]}}],"collection":[{"href":"https:\/\/iwz2022.ue.wroc.pl\/index.php?rest_route=\/wp\/v2\/pages"}],"about":[{"href":"https:\/\/iwz2022.ue.wroc.pl\/index.php?rest_route=\/wp\/v2\/types\/page"}],"author":[{"embeddable":true,"href":"https:\/\/iwz2022.ue.wroc.pl\/index.php?rest_route=\/wp\/v2\/users\/3"}],"replies":[{"embeddable":true,"href":"https:\/\/iwz2022.ue.wroc.pl\/index.php?rest_route=%2Fwp%2Fv2%2Fcomments&post=20"}],"version-history":[{"count":14,"href":"https:\/\/iwz2022.ue.wroc.pl\/index.php?rest_route=\/wp\/v2\/pages\/20\/revisions"}],"predecessor-version":[{"id":870,"href":"https:\/\/iwz2022.ue.wroc.pl\/index.php?rest_route=\/wp\/v2\/pages\/20\/revisions\/870"}],"wp:attachment":[{"href":"https:\/\/iwz2022.ue.wroc.pl\/index.php?rest_route=%2Fwp%2Fv2%2Fmedia&parent=20"}],"curies":[{"name":"wp","href":"https:\/\/api.w.org\/{rel}","templated":true}]}}